et c(m) = 11*m + 6. Let d(a) = u*k(a) + c(a). Give d(1).
11
Suppose o = 3*o. Suppose o = 4*p - p + 3. Let l be (1*p)/((-4)/4). Let y(m) = -8*m**2 - m + 1. Give y(l).
-8
Let w(o) = -o**2 - 2*o. Suppose 4*f - 12*f = 48. Calculate w(f).
-24
Let y(o) be the third derivative of -4*o**2 + 1/24*o**4 + 1/3*o**3 + 0*o + 0. Let z = 0 - -2. Calculate y(z).
4
Let m(d) = -d**2 + 4*d + 1. Let t be m(5). Let u(q) = 4*q**2 + 4*q - 5. Let b(r) = 5*r**2 + 4*r - 6. Let o(i) = t*u(i) + 3*b(i). Determine o(-4).
2
Let w(v) = v**3 + 7*v**2 + 4*v - 8. Suppose 2*d = -5*m, -2*m = -d - 0*d. Let x be -7 - (0 - d - 1). Let i be w(x). Let o(g) = g - 1. Determine o(i).
3
Let x = 4 - 4. Suppose -2*t - t + 6 = x. Let p(z) = -2*z - 2 - 3*z**2 - 2*z + 2*z**2 + 3*z. Calculate p(t).
-8
Let t(r) = -r. Let d(g) = -6*g - 1. Let l(j) = 2*d(j) - 11*t(j). Let p be l(-1). Let c(x) be the third derivative of 5*x**4/12 - x**3/6 - 2*x**2. Give c(p).
-11
Let l(f) be the third derivative of f**6/360 + 5*f**4/24 - 5*f**2. Let d(b) be the second derivative of l(b). Calculate d(-4).
-8
Let k(m) = -m**2 + 3*m + 1. Suppose 0 = 4*h, 5*c - 52 = -3*h - 2. Let g be (-72)/(-20) - 6/c. Let v be g + ((-4)/2 - -2). Determine k(v).
1
Let i(z) = -z - 3*z**2 - z**3 - z**2 + 3 - 3*z**2 + 4*z**2. What is i(-3)?
6
Let g be 10 + 2 - (2 - 3). Let m = g - 11. Let x(o) = -o + 4. Determine x(m).
2
Let f(s) = s**3 + 9*s**2 - 2*s + 2. Let x(b) = 2*b**3 + 19*b**2 - 3*b + 3. Let j(k) = -9*f(k) + 4*x(k). Let h(c) = 7*c + 57. Let d be h(-9). Determine j(d).
-6
Let i(l) be the first derivative of l**3/3 + 3*l**2/2 + 6*l + 2. Let x(q) = -q**2 + q - 1. Let p(o) = -i(o) - 2*x(o). Give p(5).
-4
Suppose 11 = 3*b - t, -b + 6*b - 35 = 5*t. Suppose 8*y = 13 + 11. Let z(f) = -3*f**b + 2*f**2 - 3 + f + 2 + f**y. What is z(0)?
-1
Suppose -3*m + 4*w - 29 = -19, 5*m - 5*w = -15. Let g(u) = -2*u**3 - 2*u**2. Determine g(m).
8
Let y(m) = -4*m + 7. Suppose -4*c = -0*c - 20. Let h(j) = 5*j - 8. Let v(o) = c*h(o) + 6*y(o). Suppose -13 = -6*f - 37. Determine v(f).
-2
Let w(k) = -k**2 + 11*k - 12*k - 2 + 7*k. Give w(6).
-2
Let k(o) be the first derivative of 0*o - 1/2*o**2 - 3 - 1/3*o**3. What is k(-1)?
0
Let n(o) = 2*o**2 - 5*o - 3. Let h be (-1 + 0)/(-3) - (-168)/36. What is n(h)?
22
Let d(v) = 3*v**3 - 5*v**2 - 6*v + 10. Let t(a) = 10*a**3 - 15*a**2 - 18*a + 31. Let q(n) = -7*d(n) + 2*t(n). Calculate q(6).
-8
Let d(j) = -2*j**2 + j + 1. Let g be d(-1). Let l(o) = o**3 + 2*o**2 + 3*o + 2. What is l(g)?
-4
Suppose -4*h + 44 = 16. Suppose h = 4*b - 9. Let x(p) = p + 7. Let l(a) = -a - 8. Let k(r) = b*x(r) + 3*l(r). What is k(-3)?
1
Let g(k) = k**2 - 1. Let d = -43 - -41. Give g(d).
3
Let z(b) = 4*b**2 - 2*b + 7. Let f(g) be the third derivative of -g**5/20 + g**4/12 - g**3 - 6*g**2. Let p(w) = -6*f(w) - 5*z(w). Give p(-2).
-3
Let f(n) be the first derivative of -n**2/2 - 2*n - 92. Let o = 0 + 0. Give f(o).
-2
Let k(f) be the second derivative of f**5/20 - f**4/24 - f**3/3 - 7*f. Let x(h) be the second derivative of k(h). Determine x(1).
5
Suppose -f = 3*p - 4*f - 21, 0 = p + 5*f + 23. Let q(c) = -4 + 2 + c + c**p + 2*c + 3. What is q(-4)?
5
Let m = -3 - -8. Suppose -d + 1 = 2*v - m, -6 = -3*v. Let c(l) = l**2 - 2*l**2 + 2*l**2 - d*l**3 + 3*l - 2. Determine c(2).
-8
Suppose 0 = q - 5*q. Suppose 4*w + 5*h + 10 = q, 2*w - h = -3*h - 6. Let l(n) = 3*n**2 - 5*n**2 + 4*n + 3*n**2 - 7. Calculate l(w).
-2
Suppose g + 1 = -b, 0*b - 3*b + 18 = -4*g. Let x be (-17)/3 + b/(-6). Let t be 2/6 - 4/x. Let q(o) = -2*o + 1. What is q(t)?
-1
Let s(l) = -l**2 - 4*l + 3. Let w be (-82)/(-7) - 2/(-7). Suppose 2*g + w = -3*d, -2*d - 3*g - 12 = d. Calculate s(d).
3
Suppose -3*a + 15 + 0 = 5*v, -9 = -3*v - 3*a. Let c(j) = -j - 2*j**2 + 3 - v*j + j. Let n(x) = -x**2 + 2*x + 12. Let g be n(5). Give c(g).
-6
Let a(n) = -8*n**2 - 17*n - 8. Let m(q) = 3*q**2 + 6*q + 3. Let i(o) = 6*a(o) + 17*m(o). Let v(p) be the first derivative of i(p). Determine v(-2).
-12
Suppose 14 = w - 0*w. Let x = w + -11. Let y(c) = -c**3 + 5*c**2 - c - 4. Calculate y(x).
11
Let j = -12 - -18. Let y(n) = -4*n - 8*n - 6 + 5*n + n**2 + 2*n. Calculate y(j).
0
Let p(j) = j - 4. Let m = -72 - -67. What is p(m)?
-9
Let t be (-36)/(-16) + 3/4. Let p(n) be the first derivative of -n**2 + 4*n - 1. Determine p(t).
-2
Suppose 4*q + 8 = -3*a, -q + 8 = -5*q. Let r(p) = -4 + 5*p + 0 + a + 3. Calculate r(2).
9
Suppose -1 = -0*z - z. Suppose -2*g - 1 - z = 0. Let d be (-2)/g*10/4. Let n(h) = -h + 9. Calculate n(d).
4
Let i(u) = -u. Let n(o) = 2*o. Let z(c) = 2*i(c) - n(c). What is z(-2)?
8
Let u = -3 + 5. Suppose 3*f - 9 = -k - u, f - 7 = 2*k. Let n(r) = r**2 - 3*r - 2. Determine n(f).
-2
Let a(u) be the third derivative of u**4/24 + u**3 - 3*u**2. Let n be (6/8)/(1/(-4)). Give a(n).
3
Let v be (-6)/2 - (2 - 1). Let n(s) be the second derivative of s**4/24 - s**3/6 + 3*s**2/2 - s. Let h(t) be the first derivative of n(t). Calculate h(v).
-5
Let f(u) be the second derivative of -u**2 + 1/3*u**3 + 1/24*u**4 + 2*u + 0. Let s(l) be the first derivative of f(l). Calculate s(-5).
-3
Let n(v) be the first derivative of -v**4/4 - 2*v**3/3 + 3*v**2/2 - 4*v + 8. Give n(-3).
-4
Let q(f) be the third derivative of -f**6/120 + f**5/12 - f**4/8 - f**3/2 + 3*f**2. Suppose 2*s - 12 = -2*s. What is q(s)?
6
Let q(y) = -14*y**2 - 3*y - 17. Let z(v) = -5*v**2 - v - 6. Let r(b) = 6*q(b) - 17*z(b). What is r(2)?
2
Suppose 3 = -l + 5. Let i(j) = j**3 - j**2 + 2*j - 1. What is i(l)?
7
Let i = 151 - 151. Let h(f) be the third derivative of 0*f - 1/120*f**6 - 1/3*f**3 + i - 2*f**2 + 1/24*f**4 + 0*f**5. Calculate h(0).
-2
Let h(a) = -10*a**3 + 5*a**2 + 5*a + 19. Let m(k) = 3*k**3 - 2*k**2 - 2*k - 6. Suppose -4 = 5*z - 3*z. Let i(x) = z*h(x) - 7*m(x). Determine i(5).
-1
Suppose o + 3*x = -4, 4*o - 35 = 7*x - 2*x. Let c(b) = 1 - o*b - b + 7*b. Calculate c(2).
3
Let l(d) = -2*d**2 + 8*d - 10. Suppose -2*q = -4 + 2. Let f(r) = -r**2 + r - 1. Let m(a) = q*l(a) - 3*f(a). Give m(-6).
-1
Let k(t) = 2*t - 3*t - 3 + 4. Let d be k(5). Let s(v) = -v**2 - v + 4. Give s(d).
-8
Let a(j) = j**3 + 7*j**2 + 5*j - 5. Let s(z) = 5*z**2 - 2*z - 3*z**2 - 2*z**2 - z**2 + 2. Let d be s(-4). What is a(d)?
1
Let s(p) = -5*p + 4*p - 14*p**2 - 4*p**2 - 1. Calculate s(-1).
-18
Suppose x + x + 8 = -4*r, 5*r = -15. Let n(j) = j**3 - 3*j**2 + 2*j - 3. What is n(x)?
-3
Let z(i) = 19*i - 2 - 18*i + i**2 + 6. Suppose -4*w = -0*w. Determine z(w).
4
Let x(t) = 626 - 311 - t - 310. Give x(4).
1
Let y(x) = x + 4*x + 2*x + 2. Let m(g) = 6*g + 3. Let o(q) = -6*m(q) + 5*y(q). Calculate o(-4).
-4
Let w = 35 - 41. Let h(q) = -q - 12. Determine h(w).
-6
Let h(q) = 6*q**2 - 6*q - 3 - 2*q + 3*q - q**3. Let r(b) = 2*b - 14. Let a be r(9). Calculate h(a).
9
Suppose -24 = -4*b - 12. Let a(x) = x**3 - 2*x**2 - 2. Calculate a(b).
7
Let j(v) = -5*v**2 - 5*v - 1. Let g(c) = c**2 + c + 1. Let l(q) = 3*g(q) + j(q). Let t(b) = -4*b**2 - 3*b + 4. Let f(p) = 5*l(p) - 3*t(p). Determine f(2).
4
Let t(l) = l**2 - 6. Let u(w) = -7*w**2 + 2. Let j(a) = 3*a**2 - 1. Let c(g) = 5*j(g) + 2*u(g). Let o be c(1). Calculate t(o).
-6
Let f(r) = -r**3 - 6*r**2 + 6*r - 10. Let p be ((-45)/10)/3*(-28)/(-6). Determine f(p).
-3
Let m(s) be the first derivative of -s**4/4 + 3*s**3 - 9*s**2/2 + 10*s - 36. Calculate m(8).
2
Let q(z) = 7*z**2 - z - 1. Let k(t) = t**2. Let s(h) = -6*k(h) + q(h). Determine s(0).
-1
Suppose 3 = y - 5*v + 33, -2*v + 25 = -3*y. Let k(t) = t**3 + 6*t**2 + 5*t - 7. Determine k(y).
-7
Let l(d) = -2*d - 6. Let f(v) = v**2 + 3*v + 2. Let g = -2 - 1. Let u be f(g). Suppose 4 = -u*x + x. Determine l(x).
2
Let h(b) = b**3 - 6*b**2 - 6*b - 1. Suppose -33 = -5*o + 4*s, o + 4*o - 60 = -5*s. Suppose -19 = -4*x + o. Determine h(x).
6
Let t be ((-6)/(-10))/((-1)/5). Let x(a) = a**3 + 5*a**2 + a - 2. What is x(t)?
13
Let w = -4 - -6. Suppose -4*n - 4*i - 32 = 0, -n + 3*i - w*i = -2. Let m(r) = -6 + 3 - 2*r - r. What is m(n)?
6
Let r(g) = 3 + 2*g + 4*g - 2*g. Let c be -2 + 3 + -1*(3 - 0). What is r(c)?
-5
Let h(g) be the third derivative of -g**6/90 - g**4/24 - g**3/2 - g**2. Let v(j) be the first derivative of h(j). Calculate v(-1).
-5
Let z(k) = -k - 2. Let i be z(-2). Let l(t) = t**2 + 6. Give l(i).
6
Suppose -3*a - f = 1, 2*a - 3 = 3*f + 11. Let u(m) = 3 + 8 + 0 - a + m. What is u(0)?
10
Let p = 